base 13, what is 58a5 + -4?
58a1
In base 9, what is 762356 - 188?
762157
In base 11, what is 80 + 129658?
129728
In base 10, what is -64094 + -290?
-64384
In base 3, what is -10 - -21000121002002?
21000121001222
In base 7, what is -1 - -32546033?
32546032
In base 13, what is -1a + -263a299?
-263a2b6
In base 12, what is 0 - -1376560?
1376560
In base 6, what is 2455 + -15005?
-12110
In base 3, what is 10110221 - 20100111?
-2212120
In base 14, what is 5138 + -1c9?
4d4d
In base 11, what is 4051119 - a?
405110a
In base 7, what is 305036 - 131?
304605
In base 11, what is -640797166 - -4?
-640797162
In base 5, what is -3410301024 - 4?
-3410301033
In base 6, what is 13312 - 1413323?
-1400011
In base 10, what is -42 + -313734?
-313776
In base 10, what is -1547979 - -4?
-1547975
In base 16, what is -6 - 13ab89?
-13ab8f
In base 11, what is a76728 - 4?
a76724
In base 7, what is 51346053 - -13?
51346066
In base 9, what is 2163 + -1423?
640
In base 4, what is -33222 + 1121210322?
1121111100
In base 13, what is -111345 + 28?
-11131a
In base 9, what is 4735 + -18732?
-13886
In base 6, what is 200 - 42312055?
-42311455
In base 16, what is -74 - 7d6aa?
-7d71e
In base 14, what is 230d5b2 + 5?
230d5b7
In base 7, what is 23112 - 5423?
14356
In base 13, what is 146620 + -29?
1465c4
In base 4, what is -2313320312101 - -11?
-2313320312030
In base 8, what is 23331 - 653?
22456
In base 14, what is 27ad46b2 + -4?
27ad46ac
In base 9, what is 3235 - -67840?
72175
In base 13, what is 415 - 14255?
-13b40
In base 8, what is -2677 + -76?
-2775
In base 12, what is 4068 + -1780?
24a8
In base 5, what is 23100 + 3123223?
3201323
In base 9, what is 6147853 + -5?
6147847
In base 12, what is 2 + -13ab9689?
-13ab9687
In base 12, what is -2b9a1293 - -3?
-2b9a1290
In base 9, what is 3032 - 34567?
-31535
In base 16, what is -371cfa + 11?
-371ce9
In base 2, what is 1000110110111011111111001 + 100?
1000110110111011111111101
In base 16, what is 1fa871d - -1?
1fa871e
In base 15, what is -9 + -645874?
-64587d
In base 15, what is -15cd7da - 5?
-15cd7e0
In base 14, what is 6d41d1 + -11b?
6d40b4
In base 11, what is -627 + -10406?
-10a32
In base 6, what is -4 - -3352030104?
3352030100
In base 4, what is 112 - -1200111103?
1200111221
In base 4, what is -230033 + -320002331?
-320233030
In base 12, what is -186 - 26b82a?
-26b9b4
In base 4, what is -232 + 3131111300?
3131111002
In base 2, what is -1111000010 - -10011111011001?
10010000010111
In base 10, what is -3052447 + -75?
-3052522
In base 13, what is -1 + -2044b88?
-2044b89
In base 13, what is -8c1836 + 5?
-8c1831
In base 6, what is 423 + -23221502?
-23221035
In base 5, what is 1324440431 - -243?
1324441224
In base 14, what is 4 - -295acb?
295ad1
In base 10, what is -42722 + 323?
-42399
In base 9, what is 3 - -335480841?
335480844
In base 5, what is -134142 + -2143?
-141340
In base 5, what is -33 - 14222001?
-14222034
In base 15, what is 438720 - -4?
438724
In base 11, what is 1 + 97090062?
97090063
In base 11, what is 3 + 101393897?
10139389a
In base 5, what is 1422124 + -4411?
1412213
In base 10, what is -29 - -5744?
5715
In base 3, what is 200222220012210 - -2?
200222220012212
In base 2, what is 111110000010011111 + 100?
111110000010100011
In base 3, what is 101012001222 - 1210?
101012000012
In base 12, what is -1845 - -941?
-b04
In base 13, what is -5180964 - -5?
-518095c
In base 14, what is 31c3 + 15bb3?
18d96
In base 16, what is -e4d - -9d9?
-474
In base 10, what is -328 - 296495?
-296823
In base 12, what is 21 + 416b80?
416ba1
In base 3, what is 121010212100 - 1122202?
121002012121
In base 14, what is 1c000d - 165?
1bdc88
In base 16, what is -51a + -d03?
-121d
In base 10, what is 0 + 4691243?
4691243
In base 12, what is -629ba28 + 7?
-629ba21
In base 8, what is -2173 - 13151?
-15344
In base 12, what is 2b2 + 592930?
593022
In base 10, what is 5370 + -3112?
2258
In base 5, what is 11312 + -3243101?
-3231234
In base 2, what is 10110100000 - 101100100100110111?
-101100001110010111
In base 11, what is 93 - 14a3?
-1410
In base 8, what is 4 + -4021757?
-4021753
In base 12, what is 6121 + -3ab0?
2231
In base 2, what is -1000111100101111010 - -1011110011?
-1000111011010000111
In base 8, what is 1072552 + 2302?
1075054
In base 12, what is 153 + -70818?
-70685
In base 4, what is 2000 + 12221022320?
12221030320
In base 7, what is 3562 + 13100?
16662
In base 5, what is -132424 + -204324?
-342303
In base 14, what is 1b256 - -50?
1b2a6
In base 16, what is 2 - -43742a?
43742c
In base 4, what is -2323130333112 + 1?
-2323130333111
In base 14, what is -28 + -2ca9?
-2cd3
In base 16, what is -6 - a949c?
-a94a2
In base 4, what is -3013 - -11130131023?
11130122010
In base 16, what is 103be + 19b8?
11d76
In base 10, what is -6 - -182742253?
182742247
In base 4, what is 103230 + 21330121?
22100011
In base 5, what is 1024320 + -4143?
1020122
In base 6, what is 3334 - -335432?
343210
In base 5, what is 400144203302 + 3?
400144203310
In base 3, what is -2 + 21001000120210?
21001000120201
In base 8, what is -44 + 250327?
250263
In base 14, what is 40 + -16d72?
-16d32
In base 9, what is -6 - -8215201?
8215184
In base 3, what is -2111022201 - 120221000?
-10002020201
In base 9, what is 4 - 48776835?
-48776831
In base 16, what is 51a + a5ee6?
a6400
In base 12, what is -21026 - 119?
-21143
In base 16, what is 3e36b0 - 0?
3e36b0
In base 13, what is -438191 - -29?
-438165
In base 5, what is -3 + -30320333021?
-30320333024
In base 12, what is 3 + -28879b6?
-28879b3
In base 13, what is 4 - 577324b?
-5773247
In base 6, what is -14 - -3021344103?
3021344045
In base 7, what is -5 - 1112050?
-1112055
In base 3, what is 2200102 + -2121011200?
-2111111021
In base 3, what is 2210000101000011 - 11?
2210000101000000
In base 2, what is 101 + 1101101010000001110100111111?
1101101010000001110101000100
In base 7, what is 13502556 + -615?
13501641
In base 8, what is 412 - 326157?
-325545
In base 9, what is 153 - 52214?
-52051
In base 4, what is -221323201333 - 3?
-221323202002
In base 6, what is -103 + 5105254?
5105151
In base 16, what is -10f897 + 1c?
-10f87b
In base 10, what is 678565 - 1032?
677533
In base 4, what is -302 + 11200320?
11200012
In base 16, what is -13890 + c91?
-12bff
In base 6, what is 13312302 + 41?
13312343
In base 12, what is -1 - 119177?
-119178
In base 2, what is 101010110111011100011 - 11011?
101010110111011001000
In base 3, what is -10021111212 - -10002?
-10021101210
In base 6, what is -4443414 + -241?
-4444055
In base 6, what is 3543145 + -1552?
3541153
In base 9, what is 244263 - 3545?
240617
In base 12, what is 354302 - -7?
354309
In base 11, what is 51494 + -30?
51464
In base 2, what is 1001101 + 1100110000010111010100?
1100110000011000100001
In base 5, what is 41044 + -214400?
-123301
In base 7, what is 1502 + -151232?
-146430
In base 9, what is 257 + 56346?
56614
In base 5, what is -1111 - 11000330?
-11001441
In base 16, what is 115 - -621c8?
622dd
In base 13, what is -14 - -15a93?
15a7c
In base 13, what is -4 + 142b266?
142b262
In base 10, what is -35165 + -68?
-35233
In base 8, what is -2400204 - -56?
-2400126
In base 12, what is -42a - 44a1b?
-45249
In base 6, what is 4351 - 525452?
-521101
In base 8, what is -373754136 + 1?
-373754135
In base 4, what is -131122223133 + 11?
-131122223122
In base 10, what is 14981 - 840?
14141
In base 2, what is -100000111111100101 + 11011100?
-100000111100001001
In base 15, what is b706659 + -9?
b706650
In base 4, what is 303 + -202203323?
-202203020
In base 13, what is 1 + -6165c2?
-6165c1
In base 15, what is -1 + 2311ca?
2311c9
In base 8, what is 2614 + 23724?
26540
In base 4, what is -2120 + 31022100?
31013320
In base 7, what is -5150664215 + -4?
-5150664222
In base 9, what is 83647737 + -11?
83647726
In base 11, what is -2 - 5379884?
-5379886
In base 8, what is -11246 - -126633?
115365
In base 11, what is -10a4 + 255a2?
244a9
In base 16, what is -fe04 - f2?
-fef6
In base 2, what is 1110 + 10010100001100001111?
10010100001100011101
In base 3, what is 1012121 + 21120111221?
21121201112
In base 2, what is -1000101001100111110000000 - -111110?
-1000101001100111101000010
In base 16, what is 11cc621 - f?
11cc612
In base 13, what is -130c + aa1b?
970c
In base 13, what is -c499 - bcac?
-1b478
In base 16, what is -12 + 